-20
Let a(m) = -m**2 - 157*m - 468. Give a(-3).
-6
Let x(u) = 2*u**2 - 89. What is x(8)?
39
Let i(p) = -155*p + 142. Calculate i(0).
142
Let v(x) = -x**3 - 178*x**2 - 355*x - 526. What is v(-176)?
2
Let h(r) = -r**3 + 9*r**2 + 16*r + 7. Determine h(-2).
19
Let h(a) = 5*a**2 + 71*a + 227. Determine h(-5).
-3
Let w(j) = -2*j**3 + 24*j**2 + 4*j + 30. What is w(12)?
78
Let a(m) = 6*m**2 - 1752*m - 5253. What is a(-3)?
57
Let a(d) = d**2 - 50*d + 25. Give a(14).
-479
Let m(t) = -t**3 + 4*t**2 + 20*t - 4. Determine m(6).
44
Let b(z) = -186*z + 45585. What is b(245)?
15
Let p(n) = n**2 + 510*n + 35777. What is p(-84)?
-7
Let r(t) = 3*t**3 + 10*t**2 + 9. Determine r(-4).
-23
Let a(v) = -6*v**2 - 913*v + 763. What is a(-153)?
-2
Let w(y) = 31*y - 9. Give w(7).
208
Let l(m) = -m**3 + 33*m**2 - 60*m + 26. Give l(31).
88
Let g(k) = 2*k**2 - 107*k - 978. Give g(-8).
6
Let t(s) = s - 102. Give t(8).
-94
Let r(b) = -14*b**2 + 27*b + 10. What is r(5)?
-205
Let i(a) = 8*a**3 - 42*a**2 + 19*a - 39. Determine i(5).
6
Let y(d) = 89*d**2 - 2939*d + 61. Give y(33).
-5
Let h(c) = -211*c - 2096. Calculate h(-10).
14
Let y(t) = 14*t + 672. What is y(-49)?
-14
Let d(g) = -6*g + 460. Determine d(63).
82
Let x(m) = -m**2 + 58*m + 63. Determine x(58).
63
Let t(x) = x**3 + 21*x**2 + 32*x + 126. Give t(-20).
-114
Let b(k) = 8*k + 168. Give b(-7).
112
Let r(a) = a**2 - 31*a + 208. Determine r(26).
78
Let k(o) = 5*o**2 - 336*o + 964. Determine k(64).
-60
Let x(z) = 31*z - 521. Give x(18).
37
Let f(q) = 14*q**2 - 167*q + 5. Calculate f(12).
17
Let x(i) = -2*i**3 - 152*i**2 - 287*i + 683. Calculate x(-74).
17
Let c(s) = s - 106. Give c(38).
-68
Let o(n) = n**3 + 10*n**2 + 10*n - 41. What is o(-8)?
7
Let l(x) = x**3 - 34*x**2 + 33*x - 27. Calculate l(33).
-27
Let t(h) = h**3 - 6*h**2 - 5*h - 56. Calculate t(-5).
-306
Let i(x) = -x**3 + 13*x**2 + 303*x + 1143. Determine i(-7).
2
Let x(k) = k**3 + 46*k**2 + 510*k - 115. Calculate x(-27).
-34
Let w(s) = 8*s**2 - 9*s - 20. What is w(-2)?
30
Let o(w) = -2*w**2 - 99*w - 76. Determine o(-58).
-1062
Let x(r) = -16*r**2 - 698*r + 270. Calculate x(-44).
6
Let x(z) = -9*z**2 - 7*z + 11. What is x(2)?
-39
Let v(i) = 2*i**2 - 32*i - 125. Determine v(19).
-11
Let n(j) = -96*j + 3004. Calculate n(30).
124
Let r(p) = 4824*p - 38591. Determine r(8).
1
Let g(n) = 4*n - 27. Calculate g(6).
-3
Let l(x) = -x**3 - 12*x**2 - 14*x - 183. Give l(-12).
-15
Let u(f) = -f**3 + 112*f**2 + 109*f + 421. Give u(113).
-31
Let z(n) = -3*n**3 + 5*n**2 - 11*n + 14. What is z(2)?
-12
Let h(o) = -o**2 + 179*o - 7770. Give h(105).
0
Let c(p) = -p**3 - 23*p**2 - 48*p + 134. Determine c(-20).
-106
Let y(m) = -m**3 - 16*m**2 + 27*m + 29. What is y(-18)?
191
Let q(v) = 924*v + 890. What is q(-1)?
-34
Let d(f) = -2*f**3 + 190*f**2 - 7*f + 719. What is d(95)?
54
Let y(a) = -58*a - 338. Determine y(-9).
184
Let a(c) = -211*c - 1251. Give a(-6).
15
Let f(l) = 3*l**3 - 55*l**2 + 24*l + 752. Give f(17).
4
Let t(b) = 2*b**2 - 13*b + 48. What is t(5)?
33
Let y(l) = -110*l + 806. Determine y(9).
-184
Let t(p) = -p**2 + 3*p + 385. Calculate t(-18).
7
Let k(a) = 3*a**2 - 14*a - 27. What is k(8)?
53
Let m(f) = -f**2 + 10*f + 77. Give m(-6).
-19
Let o(f) = -4*f**2 + 104*f - 23. Calculate o(26).
-23
Let v(b) = 6*b**3 + 67*b**2 + 29*b + 188. Calculate v(-11).
-10
Let p(n) = -80*n**2 + 3*n + 11. Give p(-1).
-72
Let n(o) = -o**3 + 44*o**2 - 103*o + 4527. What is n(44)?
-5
Let y(x) = -x**3 - 10*x**2 + 10*x - 5. Determine y(-11).
6
Let l(w) = 10*w**2 + 113*w - 16. What is l(-6)?
-334
Let b(s) = 23*s - 717. Calculate b(32).
19
Let i(l) = l**3 + 17*l**2 + 16*l - 29. Determine i(-16).
-29
Let s(h) = -h**3 - 3*h**2 - 88*h - 265. Give s(-3).
-1
Let p(m) = -25*m + 404. What is p(27)?
-271
Let x(w) = 89*w - 171. Determine x(2).
7
Let r(d) = 2*d**2 + 85*d + 65. Determine r(-39).
-208
Let t(k) = 26*k**2 + 66*k - 67. Calculate t(1).
25
Let x(j) = -j**3 + 13*j**2 - 29*j - 23. Determine x(10).
-13
Let y(j) = j**3 + 14*j**2 - 11*j - 86. What is y(-14)?
68
Let v(t) = -t**2 + 33*t + 7040. What is v(-69)?
2
Let x(y) = 7*y**2 - 614*y - 1826. What is x(-3)?
79
Let g(f) = -20*f**2 + 380*f - 14. Determine g(19).
-14
Let t(h) = -264*h + 17688. What is t(67)?
0
Let i(u) = u**2 - 48*u + 155. Calculate i(45).
20
Let u(c) = c**2 - c - 26. Give u(-4).
-6
Let a(b) = -2*b - 54. Give a(-29).
4
Let w(i) = 994*i + 4972. Calculate w(-5).
2
Let o(k) = -k**3 + 37*k**2 + 160*k + 131. Determine o(41).
-33
Let t(r) = -r**2 + 89*r + 997. What is t(-10)?
7
Let f(g) = 196*g**2 - 788*g + 6. Give f(4).
-10
Let s(a) = 146*a - 924. Give s(6).
-48
Let d(x) = 18*x**2 - 497*x + 2504. Determine d(21).
5
Let t(z) = 306*z - 43462. Calculate t(142).
-10
Let y(c) = 149*c - 1504. Determine y(10).
-14
Let n(j) = 5*j**2 - 4*j + 271. Calculate n(0).
271
Let a(l) = 3*l**2 - 254*l - 775. Determine a(-3).
14
Let q(a) = a**3 - 9*a**2 + 16*a - 627. What is q(12)?
-3
Let u(z) = z**3 + 12*z**2 - 10*z - 35. Calculate u(-13).
-74
Let j(a) = -5*a + 70. Calculate j(6).
40
Let u(y) = -3*y**2 - 23*y + 226. What is u(6)?
-20
Let h(z) = -66*z - 797. Calculate h(-12).
-5
Let h(c) = -47*c + 543. Calculate h(11).
26
Let t(k) = 357*k + 6807. Determine t(-19).
24
Let v(y) = -739*y - 5913. Calculate v(-8).
-1
Let h(k) = -3*k**3 - 104*k**2 + 42*k + 104. Calculate h(-35).
-141
Let p(y) = 16*y - 34. Determine p(-3).
-82
Let g(a) = -27*a**2 - 95*a - 66. Determine g(-3).
-24
Let f(h) = 3*h**3 - 20*h**2 - 49*h + 160. Calculate f(2).
6
Let t(i) = 25*i + 2171. What is t(-87)?
-4
Let a(s) = s**2 - 235*s - 1158. Calculate a(-5).
42
Let n(c) = c**3 - 59*c**2 + 227*c - 375. Calculate n(55).
10
Let s(k) = -9*k**2 - 40*k - 7. Calculate s(-6).
-91
Let m(i) = 5*i**3 - 72*i**2 + 31*i - 49. Calculate m(14).
-7
Let i(k) = -k**2 + 140*k - 23. Determine i(140).
-23
Let k(n) = 41*n**2 - 4*n - 4. Determine k(2).
152
Let x(z) = -237*z + 1431. Give x(6).
9
Let a(q) = q**2 + 88*q + 165. Determine a(-2).
-7
Let s(y) = -58*y - 54. Calculate s(-1).
4
Let n(g) = -159*g**3 - 19*g**2 - 17*g + 2. Calculate n(-1).
159
Let x(m) = -392*m + 1810. What is x(5)?
-150
Let h(j) = -16*j - 157. Calculate h(-17).
115
Let w(h) = -19*h - 441. Calculate w(-17).
-118
Let r(p) = p**3 + 17*p**2 + 78*p + 488. Calculate r(-14).
-16
Let q(a) = 2*a**3 - 20*a**2 + 20*a + 6. Give q(9).
24
Let f(d) = -57*d - 343. Calculate f(-6).
-1
Let v(l) = 74*l**3 + 5*l**2 - 5*l + 1. Determine v(1).
75
Let x(o) = 12*o**2 + 484*o - 334. What is x(-41)?
-6
Let p(z) = -z**3 - 24*z**2 - 30*z - 59. Give p(-23).
102
Let d(p) = -58*p**2 - 470*p - 43. Determine d(-8).
5
Let f(v) = 10*v - 461. What is f(35)?
-111
Let f(w) = -105*w - 16398. Give f(-156).
-18
Let f(x) = -12*x**2 - 213*x + 55. What is f(-18)?
1
Let z(u) = 2*u**3 + 57*u**2 - 88*u + 74. Calculate z(-30).
14
Let i(x) = -2*x**2 - 2*x - 1. Give i(-3).
-13
Let u(z) = z**3 - 19*z**2 + 35*z - 2. Give u(17).
15
Let p(h) = h**3 - 24*h**2 + 16*h + 141. Determine p(23).
-20
Let m(f) = f**2 - 25*f + 25. Give m(29).
141
Let y(z) = z**3 - 10*z**2 - 5*z - 114. What is y(11)?
-48
Let u(b) = -16*b + 285. What is u(26)?
-131
Let d(h) = -h**3 - 4*h**2 - h + 10. Calculate d(2).
-16
Let n(c) = -265*c - 47. What is n(3)?
-842
Let b(z) = -273*z + 2180. What is b(8)?
-4
Let j(g) = -g**2 - 3*g + 59. Give j(-9).
5
Let d(c) = 17*c + 145. Calculate d(-15).
-110
Let z(k) = -84*k**2 - 16*k + 37. Determine z(2).
-331
Let n(l) = -102*l + 4078. Determine n(38).
202
Let l(d) = d**3 + 15*d**2 + 56*d + 13. Calculate l(-9).
-5
Let z(g) = g**3 + 47*g**2 - 145*g - 237. Give z(4).
-1
Let z(w) = -w**3 + 26*w**2 - 10*w - 337. What is z(25)?
38
Let j(k) = -k**3 + 8*k**2 - k + 51. Determine j(7).
93
Let r(a) = -14*a + 1352. Determine r(94).
36
Let g(s) = -s**3 - 61*s**2 + 330*s - 30. Calculate g(-66).
-30
Let r(c) = -109*c + 21. Calculate r(0).
21
Let c(i) = -1628*i + 19528. Calculate c(12).
-8
Let v(s) = s**2 + 2035*s - 6097. Determine v(3).
17
Let o(u) = -4*u**3 + 116*u**2 + 3*u - 103. Determine o(29).
-16
Let o(f) = -19*f + 513. What is o(22)?
95
Let f(x) = 2*x**3 - 118*x**2 + 118*x - 49. Give f(58).
67
Let u(b) = -10*b**2 + 185*b + 926. Determine u(-5).
-249
Let a(w) = 108*w + 1996. Give a(-10).
916
Let a(b) = -3*b**3 + 18*b**2 - 319*b + 1910. What is a(6)?
-4
Let m(b) = -b**3 + 10*b**2 - 31*b + 19. Determine m(2)